705521
List the prime factors of 506819939.
71, 7138309
What are the prime factors of 456581585?
5, 113, 359, 2251
What are the prime factors of 1006218814?
2, 17, 227, 7669
List the prime factors of 639608524.
2, 47, 3402173
What are the prime factors of 2422134644?
2, 89, 1283, 5303
What are the prime factors of 41145997?
41145997
List the prime factors of 2030830533.
3, 101, 353, 6329
What are the prime factors of 43598524?
2, 23, 31, 15287
What are the prime factors of 181699560?
2, 3, 5, 7, 72103
What are the prime factors of 2067171519?
3, 7, 19, 283, 18307
What are the prime factors of 590250152?
2, 61, 103, 11743
List the prime factors of 37678091.
11, 3425281
List the prime factors of 1068827710.
2, 5, 19, 23, 244583
What are the prime factors of 1233487125?
3, 5, 13, 19, 23, 193
What are the prime factors of 43381947?
3, 7, 2065807
What are the prime factors of 88485975?
3, 5, 393271
What are the prime factors of 2072800017?
3, 76770371
List the prime factors of 208977761.
269, 776869
List the prime factors of 50401010.
2, 5, 11, 458191
List the prime factors of 664653586.
2, 23, 628217
What are the prime factors of 243903627?
3, 11, 19, 127, 1021
List the prime factors of 16629697.
7, 2375671
List the prime factors of 29747826.
2, 3, 163, 10139
What are the prime factors of 853061688?
2, 3, 67, 181, 977
List the prime factors of 5244742.
2, 157, 16703
List the prime factors of 63538325.
5, 2541533
What are the prime factors of 2043571517?
13, 43, 3655763
What are the prime factors of 1695728972?
2, 7, 73, 829613
What are the prime factors of 4712171?
19, 23, 41, 263
What are the prime factors of 2042245754?
2, 26111, 39107
List the prime factors of 653651090.
2, 5, 47, 173, 8039
List the prime factors of 5882234166.
2, 3, 41, 7970507
What are the prime factors of 3414601103?
347, 9840349
What are the prime factors of 104132946?
2, 3, 17355491
What are the prime factors of 5018495925?
3, 5, 23, 37, 61, 1289
List the prime factors of 2491656195.
3, 5, 7, 1931, 12289
List the prime factors of 1979621433.
3, 219957937
List the prime factors of 672265790.
2, 5, 7, 19, 163, 443
List the prime factors of 131526886.
2, 65763443
List the prime factors of 667450338.
2, 3, 89, 613, 2039
What are the prime factors of 38317883?
149, 229, 1123
List the prime factors of 15862705.
5, 3172541
What are the prime factors of 527921020?
2, 5, 11, 2399641
List the prime factors of 22695034.
2, 17, 667501
What are the prime factors of 3645538074?
2, 3, 241, 521, 1613
What are the prime factors of 2321672864?
2, 7, 17, 609683
What are the prime factors of 111613045?
5, 22322609
List the prime factors of 2369231.
2369231
List the prime factors of 26424154.
2, 17, 777181
List the prime factors of 31886726.
2, 941, 16943
List the prime factors of 145249099.
67, 389, 5573
What are the prime factors of 149949432?
2, 3, 2082631
What are the prime factors of 71443652?
2, 7, 2551559
List the prime factors of 319427441.
31, 10304111
What are the prime factors of 671735655?
3, 5, 14927459
What are the prime factors of 97450414?
2, 48725207
What are the prime factors of 2903776464?
2, 3, 60495343
What are the prime factors of 12292012?
2, 19, 197, 821
What are the prime factors of 2531903368?
2, 19, 16657259
List the prime factors of 1478637043.
13, 379, 300109
What are the prime factors of 18373103?
7, 677, 3877
What are the prime factors of 122436607?
157, 233, 3347
What are the prime factors of 1750397579?
7, 67, 3732191
What are the prime factors of 2260450750?
2, 5, 379, 23857
List the prime factors of 1255315040.
2, 5, 7, 41, 27337
List the prime factors of 1374706.
2, 67, 10259
List the prime factors of 216374235.
3, 5, 7, 11, 187337
What are the prime factors of 145245871?
7589, 19139
List the prime factors of 56327072.
2, 1760221
What are the prime factors of 281147773?
31, 617, 14699
What are the prime factors of 231473402?
2, 47, 59, 41737
List the prime factors of 5318666697.
3, 2143, 827293
What are the prime factors of 48639177?
3, 29, 62119
What are the prime factors of 5446715?
5, 17, 139, 461
What are the prime factors of 803210980?
2, 5, 11, 13, 280843
List the prime factors of 1473712231.
1473712231
List the prime factors of 1403250.
2, 3, 5, 1871
List the prime factors of 3030171136.
2, 31, 190913
List the prime factors of 65369450.
2, 5, 23, 56843
List the prime factors of 145785687.
3, 48595229
List the prime factors of 170504068.
2, 7, 6089431
List the prime factors of 174636830.
2, 5, 17463683
What are the prime factors of 477451233?
3, 7, 2526197
List the prime factors of 83047119.
3, 19, 1021, 1427
List the prime factors of 841905040.
2, 5, 10523813
List the prime factors of 12787849.
263, 48623
What are the prime factors of 1453417216?
2, 1061, 5351
List the prime factors of 5261401835.
5, 691, 1522837
What are the prime factors of 1430147400?
2, 3, 5, 11, 19699
What are the prime factors of 4102564?
2, 1025641
List the prime factors of 28103319.
3, 163, 19157
What are the prime factors of 111707165?
5, 41, 61, 8933
What are the prime factors of 88767216?
2, 3, 616439
What are the prime factors of 180906269?
3673, 49253
List the prime factors of 501936317.
501936317
What are the prime factors of 2146612044?
2, 3, 1559, 114743
What are the prime factors of 1173085332?
2, 3, 433, 225767
List the prime factors of 2533296.
2, 3, 89, 593
What are the prime factors of 319118495?
5, 31, 2058829
What are the prime factors of 1884937547?
31, 1993, 30509
List the prime factors of 572236559.
572236559
What are the prime factors of 1186096645?
5, 67, 3540587
List the prime factors of 27446163.
3, 383, 23887
What are the prime factors of 44875102?
2, 487, 46073
What are the prime factors of 130624989?
3, 11, 881, 4493
What are the prime factors of 4027970193?
3, 13, 101, 149, 6863
What are the prime factors of 57680782?
2, 607, 47513
What are the prime factors of 2528247869?
7, 29, 467, 26669
List the prime factors of 106327628.
2, 11, 283, 8539
What are the prime factors of 39714571?
13, 3054967
What are the prime factors of 188610231?
3, 31, 61, 33247
List the prime factors of 21799875.
3, 5, 61, 953
List the prime factors of 285686461.
241, 599, 1979
What are the prime factors of 132517004?
2, 1987, 16673
What are the prime factors of 38925227?
11, 97, 191
List the prime factors of 656314690.
2, 5, 65631469
What are the prime factors of 24021384?
2, 3, 23, 43517
What are the prime factors of 517746370?
2, 5, 51774637
What are the prime factors of 101497588?
2, 1867, 13591
List the prime factors of 605890152.
2, 3, 7, 400721
What are the prime factors of 38486246?
2, 19243123
List the prime factors of 181079676.
2, 3, 5029991
List the prime factors of 339922961.
7, 48560423
What are the prime factors of 22058236?
2, 31, 177889
What are the prime factors of 80899989?
3, 26966663
What are the prime factors of 212486518?
2, 41, 907, 2857
What are the prime factors of 91652810?
2, 5, 409, 22409
List the prime factors of 133657699.
7, 1289, 14813
What are the prime factors of 178284997?
11, 1409, 11503
What are the prime factors of 608870252?
2, 431, 353173
List the prime factors of 28038721.
1049, 26729
List the prime factors of 2912287335.
3, 5, 194152489
What are the prime factors of 328023501?
3, 13, 8410859
What are the prime factors of 997904193?
3, 11, 13, 53, 43889
What are the prime factors of 1051928377?
1051928377
List the prime factors of 3420360469.
47, 73, 996899
List the prime factors of 981438804.
2, 3, 59, 79, 5849
List the prime factors of 87884155.
5, 71, 281, 881
What are the prime factors of 3585020131?
7, 11, 457, 101879
List the prime factors of 1387617950.
2, 5, 27752359
List the prime factors of 51987264.
2, 3, 7, 47, 823
List the prime factors of 485280274.
2, 242640137
What are the prime factors of 144710455?
5, 73, 449, 883
What are the prime factors of 711044547?
3, 751, 315599
List the prime factors of 3598693590.
2, 3, 5, 31, 127, 30469
List the prime factors of 1230540569.
419, 2936851
What are the prime factors of 39463628?
2, 9865907
What are the prime factors of 3334385685?
3, 5, 222292379
List the prime factors of 4442893707.
3, 7, 1583, 133649
What are the prime factors of 24691884?
2, 3, 7, 857
List the prime fact